{"id":167,"date":"2010-08-27T12:59:47","date_gmt":"2010-08-27T10:59:47","guid":{"rendered":"http:\/\/julienlahmi.com\/professeur"},"modified":"2010-09-02T21:39:05","modified_gmt":"2010-09-02T19:39:05","slug":"2009-2","status":"publish","type":"page","link":"https:\/\/julienlahmi.com\/professeur\/les-annees-passees\/2009-2\/","title":{"rendered":"2009"},"content":{"rendered":"<p><!-- \t\t@page { margin: 2cm } \t\tP { margin-bottom: 0.21cm } --><span style=\"font-family: Verdana,sans-serif;\"><span style=\"font-size: small;\"> <\/span><\/span><\/p>\n<p><!-- \t\t@page { margin: 2cm } \t\tP { margin-bottom: 0.21cm } --><span style=\"font-family: Verdana,sans-serif;\"><span style=\"font-size: medium;\">Cette ann\u00e9e l\u00e0, nous avons jou\u00e9 \u00e0 Ivry-sur-Seine, dans la grande salle du <\/span><\/span><span style=\"font-family: Verdana,sans-serif;\"><span style=\"font-size: medium;\"><em>Bout du quai<\/em><\/span><\/span><span style=\"font-family: Verdana,sans-serif;\"><span style=\"font-size: medium;\">.<\/span><\/span><\/p>\n<p><span style=\"font-family: Verdana,sans-serif;\"><span style=\"font-size: medium;\">Eve, Juliette, Lam, Marie-Christine, Mathilde, Nathalie, Thomas et Thuan sont venus s&rsquo;essayer au jeu d&rsquo;acteur.<br \/>\n<\/span><\/span><\/p>\n<p><!-- \t\t@page { margin: 2cm } \t\tP { margin-bottom: 0.21cm } --><span style=\"font-family: Verdana,sans-serif;\"><span style=\"font-size: medium;\">Agata, Fr\u00e9d\u00e9ric, Marie-Pierre, Maud nous ont accompagn\u00e9 plus longuement et ont travaill\u00e9 les trois qualit\u00e9s essentielles du com\u00e9dien = l&rsquo;\u2019intensit\u00e9, la pr\u00e9cision, la rapidit\u00e9 de changement d\u2019\u00e9tat. Un com\u00e9dien doit savoir tenir une \u00e9motion plus longuement et plus intens\u00e9ment que dans la r\u00e9alit\u00e9. Il doit la montrer de fa\u00e7on plus pr\u00e9cise et passer d\u2019une \u00e9motion \u00e0 une autre plus rapidement que dans la vie.<\/span><\/span><\/p>\n<p><span style=\"font-family: Verdana,sans-serif;\"><span style=\"font-size: medium;\">Je me souviendrais toujours de la repr\u00e9sentation de fin d&rsquo;ann\u00e9e qui s&rsquo;est d\u00e9roul\u00e9 dans une  ambiance de stade de foot. Il faut dire que tous mes \u00e9l\u00e8ves ont l\u00e2ch\u00e9 les chevaux ce soir l\u00e0. Pour beaucoup, c&rsquo;\u00e9tait la premi\u00e8re fois qu&rsquo;ils se repr\u00e9sentaient en public.<\/span><\/span><\/p>\n<p><span style=\"font-family: Verdana,sans-serif;\"><span style=\"font-size: medium;\">Je tiens donc \u00e0 rendre hommage e<\/span><\/span><span style=\"font-family: Verdana,sans-serif;\"><span style=\"font-size: medium;\">n photos \u00e0, d<\/span><\/span><span style=\"font-family: Verdana,sans-serif;\"><span style=\"font-size: medium;\">ans l&rsquo;ordre alphab\u00e9tique : <\/span><\/span><\/p>\n<p><span style=\"font-family: Arial,sans-serif;\"><span style=\"font-size: x-small;\">\n\t\t<style type=\"text\/css\">\n\t\t\t#gallery-1 {\n\t\t\t\tmargin: auto;\n\t\t\t}\n\t\t\t#gallery-1 .gallery-item {\n\t\t\t\tfloat: left;\n\t\t\t\tmargin-top: 10px;\n\t\t\t\ttext-align: center;\n\t\t\t\twidth: 33%;\n\t\t\t}\n\t\t\t#gallery-1 img {\n\t\t\t\tborder: 2px solid #cfcfcf;\n\t\t\t}\n\t\t\t#gallery-1 .gallery-caption {\n\t\t\t\tmargin-left: 0;\n\t\t\t}\n\t\t\t\/* see gallery_shortcode() in wp-includes\/media.php *\/\n\t\t<\/style>\n\t\t<div id='gallery-1' class='gallery galleryid-167 gallery-columns-3 gallery-size-thumbnail'><dl class='gallery-item'>\n\t\t\t<dt class='gallery-icon landscape'>\n\t\t\t\t<a href='https:\/\/julienlahmi.com\/professeur\/les-annees-passees\/2009-2\/benedicte\/'><img width=\"150\" height=\"150\" src=\"https:\/\/julienlahmi.com\/professeur\/wp-content\/uploads\/2010\/08\/B\u00e9n\u00e9dicte-150x150.jpg\" class=\"attachment-thumbnail size-thumbnail\" alt=\"\" loading=\"lazy\" \/><\/a>\n\t\t\t<\/dt><\/dl><dl class='gallery-item'>\n\t\t\t<dt class='gallery-icon landscape'>\n\t\t\t\t<a href='https:\/\/julienlahmi.com\/professeur\/les-annees-passees\/2009-2\/benoit\/'><img width=\"150\" height=\"150\" src=\"https:\/\/julienlahmi.com\/professeur\/wp-content\/uploads\/2010\/08\/Beno\u00eet-150x150.jpg\" class=\"attachment-thumbnail size-thumbnail\" alt=\"\" loading=\"lazy\" \/><\/a>\n\t\t\t<\/dt><\/dl><dl class='gallery-item'>\n\t\t\t<dt class='gallery-icon landscape'>\n\t\t\t\t<a href='https:\/\/julienlahmi.com\/professeur\/les-annees-passees\/2009-2\/cedric\/'><img width=\"150\" height=\"150\" src=\"https:\/\/julienlahmi.com\/professeur\/wp-content\/uploads\/2010\/08\/C\u00e9dric-150x150.jpg\" class=\"attachment-thumbnail size-thumbnail\" alt=\"\" loading=\"lazy\" \/><\/a>\n\t\t\t<\/dt><\/dl><br style=\"clear: both\" \/><dl class='gallery-item'>\n\t\t\t<dt class='gallery-icon landscape'>\n\t\t\t\t<a href='https:\/\/julienlahmi.com\/professeur\/les-annees-passees\/2009-2\/denis\/'><img width=\"150\" height=\"150\" src=\"https:\/\/julienlahmi.com\/professeur\/wp-content\/uploads\/2010\/08\/Denis-150x150.jpg\" class=\"attachment-thumbnail size-thumbnail\" alt=\"\" loading=\"lazy\" \/><\/a>\n\t\t\t<\/dt><\/dl><dl class='gallery-item'>\n\t\t\t<dt class='gallery-icon landscape'>\n\t\t\t\t<a href='https:\/\/julienlahmi.com\/professeur\/les-annees-passees\/2009-2\/francoise\/'><img width=\"150\" height=\"150\" src=\"https:\/\/julienlahmi.com\/professeur\/wp-content\/uploads\/2010\/08\/Fran\u00e7oise-150x150.jpg\" class=\"attachment-thumbnail size-thumbnail\" alt=\"\" loading=\"lazy\" \/><\/a>\n\t\t\t<\/dt><\/dl><dl class='gallery-item'>\n\t\t\t<dt class='gallery-icon landscape'>\n\t\t\t\t<a href='https:\/\/julienlahmi.com\/professeur\/les-annees-passees\/2009-2\/jihane\/'><img width=\"150\" height=\"150\" src=\"https:\/\/julienlahmi.com\/professeur\/wp-content\/uploads\/2010\/08\/Jihane-150x150.jpg\" class=\"attachment-thumbnail size-thumbnail\" alt=\"\" loading=\"lazy\" \/><\/a>\n\t\t\t<\/dt><\/dl><br style=\"clear: both\" \/><dl class='gallery-item'>\n\t\t\t<dt class='gallery-icon landscape'>\n\t\t\t\t<a href='https:\/\/julienlahmi.com\/professeur\/les-annees-passees\/2009-2\/julien\/'><img width=\"150\" height=\"150\" src=\"https:\/\/julienlahmi.com\/professeur\/wp-content\/uploads\/2010\/08\/Julien-150x150.jpg\" class=\"attachment-thumbnail size-thumbnail\" alt=\"\" loading=\"lazy\" \/><\/a>\n\t\t\t<\/dt><\/dl><dl class='gallery-item'>\n\t\t\t<dt class='gallery-icon landscape'>\n\t\t\t\t<a href='https:\/\/julienlahmi.com\/professeur\/les-annees-passees\/2009-2\/marcella\/'><img width=\"150\" height=\"150\" src=\"https:\/\/julienlahmi.com\/professeur\/wp-content\/uploads\/2010\/08\/Marcella-150x150.jpg\" class=\"attachment-thumbnail size-thumbnail\" alt=\"\" loading=\"lazy\" \/><\/a>\n\t\t\t<\/dt><\/dl><dl class='gallery-item'>\n\t\t\t<dt class='gallery-icon landscape'>\n\t\t\t\t<a href='https:\/\/julienlahmi.com\/professeur\/les-annees-passees\/2009-2\/nadia\/'><img width=\"150\" height=\"150\" src=\"https:\/\/julienlahmi.com\/professeur\/wp-content\/uploads\/2010\/08\/Nadia-150x150.jpg\" class=\"attachment-thumbnail size-thumbnail\" alt=\"\" loading=\"lazy\" \/><\/a>\n\t\t\t<\/dt><\/dl><br style=\"clear: both\" \/>\n\t\t<\/div>\n<\/p>\n<p><\/span><\/span><\/p>\n<p><!-- \t\t@page { margin: 2cm } \t\tP { margin-bottom: 0.21cm } \t\tA:link { so-language: zxx } --><\/p>\n<p><span style=\"font-family: Verdana,sans-serif;\"><span style=\"font-size: medium;\">Pour les curieux, vous trouverez ci-dessous quelques cliquants chemins menant \u00e0 des photos-moments pass\u00e9s ensemble \u00e0 jouer ces sc\u00e8nes, dans l&rsquo;ordre d&rsquo;apparition du spectacle :<\/span><\/span><\/p>\n<p><a href=\"http:\/\/julienlahmi.com\/professeur\/les-annees-passees\/2009-2\/la-fille-sur-le-pont\"><span style=\"font-family: Verdana,sans-serif;\"><span style=\"font-size: medium;\"><em> <\/em><\/span><\/span><\/a><em><a href=\"http:\/\/julienlahmi.com\/professeur\/les-annees-passees\/2009-2\/la-fille-sur-le-pont\">La fille sur le pont<\/a> <\/em><span style=\"font-family: Verdana,sans-serif;\"><span style=\"font-size: medium;\"> <\/span><\/span><\/p>\n<p><span style=\"font-family: Verdana,sans-serif;\"><span style=\"font-size: medium;\"><em><a href=\"http:\/\/julienlahmi.com\/professeur\/les-annees-passees\/2009-2\/tandem\">Tandem<\/a><br \/>\n<\/em><\/span><\/span><\/p>\n<p><span style=\"font-family: Verdana,sans-serif;\"><span style=\"font-size: medium;\"><em><a href=\"http:\/\/julienlahmi.com\/professeur\/les-annees-passees\/2009-2\/la-dolce-vita\">La dolce vita<\/a><br \/>\n<\/em><\/span><\/span><\/p>\n<p><a href=\"http:\/\/julienlahmi.com\/professeur\/kill-bill\"><span style=\"font-family: Verdana,sans-serif;\"><span style=\"font-size: medium;\"><em> <\/em><\/span><\/span><\/a><em><a href=\"http:\/\/julienlahmi.com\/professeur\/kill-bill\">Kill Bill<\/a> <\/em><span style=\"font-family: Verdana,sans-serif;\"><span style=\"font-size: medium;\"> <\/span><\/span><\/p>\n<p><a href=\"http:\/\/julienlahmi.com\/professeur\/les-annees-passees\/2009-2\/donnie-brasco\"><span style=\"font-family: Verdana,sans-serif;\"><span style=\"font-size: medium;\"><em> <\/em><\/span><\/span><\/a><em><a href=\"http:\/\/julienlahmi.com\/professeur\/les-annees-passees\/2009-2\/donnie-brasco\" target=\"_blank\">Donnie Brasco<\/a> <\/em><span style=\"font-family: Verdana,sans-serif;\"><span style=\"font-size: medium;\"> <\/span><\/span><\/p>\n<p><span style=\"font-family: Verdana,sans-serif;\"><span style=\"font-size: medium;\"><em><a href=\"http:\/\/julienlahmi.com\/professeur\/les-annees-passees\/2009-2\/the-hours\">The Hours<\/a> <\/em><\/span><\/span><span style=\"font-family: Verdana,sans-serif;\"><span style=\"font-size: medium;\"> <\/span><\/span><\/p>\n<p><span style=\"font-family: Verdana,sans-serif;\"><span style=\"font-size: medium;\"><em><a href=\"http:\/\/julienlahmi.com\/professeur\/les-annees-passees\/2009-2\/il-etait-une-fois-en-amerique\">Il \u00e9tait une fois en Am\u00e9rique<\/a><br \/>\n<\/em><\/span><\/span><\/p>\n<p><a href=\"http:\/\/julienlahmi.com\/professeur\/les-annees-passees\/2009-2\/on-passe-dans-huit-jours\"><span style=\"font-family: Verdana,sans-serif;\"><span style=\"font-size: medium;\"><em> <\/em><\/span><\/span><\/a><em><a href=\"http:\/\/julienlahmi.com\/professeur\/les-annees-passees\/2009-2\/on-passe-dans-huit-jours\">On passe dans huit jours<\/a> <\/em><\/p>\n<p><a href=\"http:\/\/julienlahmi.com\/professeur\/les-annees-passees\/2009-2\/garde-a-vue\"><span style=\"font-family: Verdana,sans-serif;\"><span style=\"font-size: medium;\"><em> <\/em><\/span><\/span><\/a><em><a href=\"http:\/\/julienlahmi.com\/professeur\/les-annees-passees\/2009-2\/garde-a-vue\">Garde \u00e0 vue<\/a> <\/em><\/p>\n<p><a href=\"http:\/\/julienlahmi.com\/professeur\/les-annees-passees\/2009-2\/conte-dete\"><span style=\"font-family: Verdana,sans-serif;\"><span style=\"font-size: medium;\"><em>Conte d\u2019\u00e9t\u00e9<\/em><\/span><\/span><span style=\"font-family: Verdana,sans-serif;\"><span style=\"font-size: medium;\"> <\/span><\/span><\/a><\/p>\n<p><!-- \t\t@page { margin: 2cm } \t\tP { margin-bottom: 0.21cm } --><\/p>\n<p><a rel=\"attachment wp-att-173\" href=\"http:\/\/julienlahmi.com\/professeur\/les-annees-passees\/2009-2\/francoise\"> <\/a><\/p>\n<p><span style=\"font-family: Arial,sans-serif;\"><span style=\"font-size: x-small;\"><br \/>\n<\/span><\/span><\/p>\n<p><span style=\"font-family: Arial,sans-serif;\"><span style=\"font-size: x-small;\"><br \/>\n<\/span><\/span><\/p>\n","protected":false},"excerpt":{"rendered":" \nCette ann\u00e9e l\u00e0, nous avons jou\u00e9 \u00e0 Ivry-sur-Seine, dans la grande salle du Bout du quai.\nEve, Juliette, Lam, Marie-Christine, Mathilde, Nathalie, Thomas et Thuan &hellip;","protected":false},"author":2,"featured_media":0,"parent":11,"menu_order":0,"comment_status":"open","ping_status":"open","template":"","meta":[],"_links":{"self":[{"href":"https:\/\/julienlahmi.com\/professeur\/wp-json\/wp\/v2\/pages\/167"}],"collection":[{"href":"https:\/\/julienlahmi.com\/professeur\/wp-json\/wp\/v2\/pages"}],"about":[{"href":"https:\/\/julienlahmi.com\/professeur\/wp-json\/wp\/v2\/types\/page"}],"author":[{"embeddable":true,"href":"https:\/\/julienlahmi.com\/professeur\/wp-json\/wp\/v2\/users\/2"}],"replies":[{"embeddable":true,"href":"https:\/\/julienlahmi.com\/professeur\/wp-json\/wp\/v2\/comments?post=167"}],"version-history":[{"count":61,"href":"https:\/\/julienlahmi.com\/professeur\/wp-json\/wp\/v2\/pages\/167\/revisions"}],"predecessor-version":[{"id":184,"href":"https:\/\/julienlahmi.com\/professeur\/wp-json\/wp\/v2\/pages\/167\/revisions\/184"}],"up":[{"embeddable":true,"href":"https:\/\/julienlahmi.com\/professeur\/wp-json\/wp\/v2\/pages\/11"}],"wp:attachment":[{"href":"https:\/\/julienlahmi.com\/professeur\/wp-json\/wp\/v2\/media?parent=167"}],"curies":[{"name":"wp","href":"https:\/\/api.w.org\/{rel}","templated":true}]}}