{"id":17,"date":"2010-08-26T10:18:18","date_gmt":"2010-08-26T08:18:18","guid":{"rendered":"http:\/\/julienlahmi.com\/professeur\/?page_id=17"},"modified":"2015-03-09T11:19:41","modified_gmt":"2015-03-09T09:19:41","slug":"contact","status":"publish","type":"page","link":"https:\/\/julienlahmi.com\/professeur\/contact\/","title":{"rendered":"Contact"},"content":{"rendered":"<p>Pour toutes questions, h\u00e9sitations, besoin d&rsquo;en parler, vous pouvez \u00e9crire au <a href=\"mailto: jlahmi@noos.fr\">professeur en cliquant ici<\/a>.<\/p>\n<p>ou rejoindre son compte <a href=\"https:\/\/twitter.com\/archiphim\"><img loading=\"lazy\" class=\"aligncenter size-full wp-image-2265\" title=\"Twitter-Logo\" src=\"http:\/\/julienlahmi.com\/professeur\/wp-content\/uploads\/2010\/08\/Twitter-Logo.jpg\" alt=\"\" width=\"450\" height=\"200\" srcset=\"https:\/\/julienlahmi.com\/professeur\/wp-content\/uploads\/2010\/08\/Twitter-Logo.jpg 450w, https:\/\/julienlahmi.com\/professeur\/wp-content\/uploads\/2010\/08\/Twitter-Logo-300x133.jpg 300w\" sizes=\"(max-width: 450px) 100vw, 450px\" \/><\/a><\/p>\n<p>Si vous voulez avoir un aper\u00e7u des troupes qui ont v\u00e9cu et\/ou vivent ces cours, leurs r\u00e9flexions sur l&rsquo;avanc\u00e9e de leur spectacle, cliquez sur les deux ic\u00f4nes ci-dessous<\/p>\n<p><a href=\"http:\/\/www.facebook.com\/groups\/106106596155051\/\"><img loading=\"lazy\" class=\"alignleft size-medium wp-image-1852\" title=\"Facebook de la troupe 2011-2012\" src=\"http:\/\/julienlahmi.com\/professeur\/wp-content\/uploads\/2010\/08\/Facebook-2011-2012-300x47.jpg\" alt=\"\" width=\"300\" height=\"47\" srcset=\"https:\/\/julienlahmi.com\/professeur\/wp-content\/uploads\/2010\/08\/Facebook-2011-2012-300x47.jpg 300w, https:\/\/julienlahmi.com\/professeur\/wp-content\/uploads\/2010\/08\/Facebook-2011-2012.jpg 850w\" sizes=\"(max-width: 300px) 100vw, 300px\" \/><\/a><\/p>\n<p><a href=\"http:\/\/www.facebook.com\/groups\/theatre.julienlahmi.2011\/\"><img loading=\"lazy\" class=\"alignleft size-medium wp-image-1851\" title=\"Facebook de la troupe 2010-2011\" src=\"http:\/\/julienlahmi.com\/professeur\/wp-content\/uploads\/2010\/08\/Facebook-2010-2011-300x47.jpg\" alt=\"\" width=\"300\" height=\"47\" srcset=\"https:\/\/julienlahmi.com\/professeur\/wp-content\/uploads\/2010\/08\/Facebook-2010-2011-300x47.jpg 300w, https:\/\/julienlahmi.com\/professeur\/wp-content\/uploads\/2010\/08\/Facebook-2010-2011.jpg 850w\" sizes=\"(max-width: 300px) 100vw, 300px\" \/><\/a><\/p>\n<p>&nbsp;<\/p>\n<p>&nbsp;<\/p>\n<p>&nbsp;<\/p>\n<p>Quant aux amis ext\u00e9rieurs de l&rsquo;Atelier, <a href=\"http:\/\/julienlahmi.com\/professeur\/contact\/liens\">vous les trouverez ici<\/a>.<\/p>\n<p>Enfin,\u00a0 si vous voulez voir des films de caract\u00e8re, aider le cin\u00e9ma ind\u00e9pendant et solidaire, <a href=\"http:\/\/www.soliland.fr\/~associations\/collectif-imago \">c&rsquo;est ici que cela se passe<\/a>.<\/p>\n<p>Vous y verrez que Consommation peut d\u00e9sormais rimer avec Culture et Emancipation \ud83d\ude42<\/p>\n<p>&nbsp;<\/p>\n<p>Le site L&rsquo;Atelier o\u00f9 l&rsquo;on peut se voir est list\u00e9 dans la cat\u00e9gorie <a href=\"http:\/\/www.webrankinfo.com\/annuaire\/cat-907-theatre.htm\"><br \/>\nTh\u00e9\u00e2tre<\/a> :<br \/>\n<a href=\"http:\/\/www.webrankinfo.com\/annuaire\/cat-2191-cours-de-theatre.htm\"><br \/>\nEcole de th\u00e9\u00e2tre<\/a> de l&rsquo;annuaire <a href=\"http:\/\/www.webrankinfo.com\/google\/produits.php\"><img loading=\"lazy\" title=\"WebRankInfo\" src=\"http:\/\/www.webrankinfo.com\/images\/wri\/webrankinfo-80-15.png\" alt=\"Liste des produits Google par WebRankInfo\" width=\"80\" height=\"15\" \/><\/a>&gt;<\/p>\n","protected":false},"excerpt":{"rendered":"Pour toutes questions, h\u00e9sitations, besoin d&rsquo;en parler, vous pouvez \u00e9crire au professeur en cliquant ici.\nou rejoindre son compte \nSi vous voulez avoir un aper\u00e7u des &hellip;","protected":false},"author":2,"featured_media":0,"parent":0,"menu_order":5,"comment_status":"closed","ping_status":"closed","template":"","meta":[],"_links":{"self":[{"href":"https:\/\/julienlahmi.com\/professeur\/wp-json\/wp\/v2\/pages\/17"}],"collection":[{"href":"https:\/\/julienlahmi.com\/professeur\/wp-json\/wp\/v2\/pages"}],"about":[{"href":"https:\/\/julienlahmi.com\/professeur\/wp-json\/wp\/v2\/types\/page"}],"author":[{"embeddable":true,"href":"https:\/\/julienlahmi.com\/professeur\/wp-json\/wp\/v2\/users\/2"}],"replies":[{"embeddable":true,"href":"https:\/\/julienlahmi.com\/professeur\/wp-json\/wp\/v2\/comments?post=17"}],"version-history":[{"count":67,"href":"https:\/\/julienlahmi.com\/professeur\/wp-json\/wp\/v2\/pages\/17\/revisions"}],"predecessor-version":[{"id":495,"href":"https:\/\/julienlahmi.com\/professeur\/wp-json\/wp\/v2\/pages\/17\/revisions\/495"}],"wp:attachment":[{"href":"https:\/\/julienlahmi.com\/professeur\/wp-json\/wp\/v2\/media?parent=17"}],"curies":[{"name":"wp","href":"https:\/\/api.w.org\/{rel}","templated":true}]}}