{"id":235,"date":"2010-08-29T20:24:04","date_gmt":"2010-08-29T18:24:04","guid":{"rendered":"http:\/\/julienlahmi.com\/professeur"},"modified":"2010-08-31T23:10:11","modified_gmt":"2010-08-31T21:10:11","slug":"un-singe-en-hiver","status":"publish","type":"page","link":"https:\/\/julienlahmi.com\/professeur\/les-annees-passees\/2010-2\/un-singe-en-hiver\/","title":{"rendered":"Un singe en hiver"},"content":{"rendered":"<p>Adriana, Andr\u00e9 et Yoann ont jou\u00e9 LA PATRONNE, ALBERT et LUCIEN de \u00ab\u00a0Un singe en hiver\u00a0\u00bb,<\/p>\n<p>film \u00e9crit par Fran\u00e7ois Boyer, Henri Verneuil et Michel Audiard<\/p>\n<p><!-- \t\t@page { margin: 2cm } \t\tP { margin-bottom: 0.21cm } \t\tA:link { so-language: zxx } --> <!-- \t\t@page { margin: 2cm } \t\tP { margin-bottom: 0.21cm } \t\tA:link { so-language: zxx } --><span style=\"color: #000080;\"><span style=\"text-decoration: underline;\"><a href=\"http:\/\/fr.wikipedia.org\/wiki\/Fran%C3%A7ois_Boyer\"><span style=\"font-size: x-small;\"><em> <\/em><\/span><\/a><\/span><\/span><span style=\"color: #000080;\"><span style=\"text-decoration: underline;\"><a href=\"http:\/\/fr.wikipedia.org\/wiki\/Michel_Audiard\"><span style=\"font-size: x-small;\"><em><span><em><span><em><span><em><span><em><span><em><span><em><span><em> <\/em><\/span><\/em><\/span><\/em><\/span><\/em><\/span><\/em><\/span><\/em><\/span><\/em><\/span><\/em><\/span><\/a><\/span><\/span><\/p>\n<p><a href=\"http:\/\/fr.wikipedia.org\/wiki\/Michel_Audiard\"><em><em><em><em><em><em><em><em> <\/em><\/em><\/em><\/em><\/em><\/em><\/em><\/em><\/a>\n\t\t<style type=\"text\/css\">\n\t\t\t#gallery-1 {\n\t\t\t\tmargin: auto;\n\t\t\t}\n\t\t\t#gallery-1 .gallery-item {\n\t\t\t\tfloat: left;\n\t\t\t\tmargin-top: 10px;\n\t\t\t\ttext-align: center;\n\t\t\t\twidth: 25%;\n\t\t\t}\n\t\t\t#gallery-1 img {\n\t\t\t\tborder: 2px solid #cfcfcf;\n\t\t\t}\n\t\t\t#gallery-1 .gallery-caption {\n\t\t\t\tmargin-left: 0;\n\t\t\t}\n\t\t\t\/* see gallery_shortcode() in wp-includes\/media.php *\/\n\t\t<\/style>\n\t\t<div id='gallery-1' class='gallery galleryid-235 gallery-columns-4 gallery-size-thumbnail'><dl class='gallery-item'>\n\t\t\t<dt class='gallery-icon landscape'>\n\t\t\t\t<a href='https:\/\/julienlahmi.com\/professeur\/les-annees-passees\/2010-2\/un-singe-en-hiver\/albert-on-va-bruler-lvillage-ou-sont-les-grenades-que-jles-degoupille\/'><img width=\"150\" height=\"150\" src=\"https:\/\/julienlahmi.com\/professeur\/wp-content\/uploads\/2010\/08\/ALBERT-On-va-br\u00fbler-lvillage-...-O\u00f9-sont-les-grenades-que-jles-d\u00e9goupille-150x150.jpg\" class=\"attachment-thumbnail size-thumbnail\" alt=\"\" loading=\"lazy\" \/><\/a>\n\t\t\t<\/dt><\/dl><dl class='gallery-item'>\n\t\t\t<dt class='gallery-icon landscape'>\n\t\t\t\t<a href='https:\/\/julienlahmi.com\/professeur\/les-annees-passees\/2010-2\/un-singe-en-hiver\/la-patronne-chut-albert-je-ne-refuse-pas-de-vous-servir-mais-je-vous-en-supplie-ne-vous-fachez-pas\/'><img width=\"150\" height=\"150\" src=\"https:\/\/julienlahmi.com\/professeur\/wp-content\/uploads\/2010\/08\/LA-PATRONNE-Chut-Albert-Je-ne-refuse-pas-de-vous-servir-mais-je-vous-en-supplie-ne-vous-fachez-pas-150x150.jpg\" class=\"attachment-thumbnail size-thumbnail\" alt=\"\" loading=\"lazy\" \/><\/a>\n\t\t\t<\/dt><\/dl><dl class='gallery-item'>\n\t\t\t<dt class='gallery-icon landscape'>\n\t\t\t\t<a href='https:\/\/julienlahmi.com\/professeur\/les-annees-passees\/2010-2\/un-singe-en-hiver\/la-patronne-je-vous-en-prie-vous-n%e2%80%99allez-pas-encore-tout-salope-comme-la-derniere-fois-2\/'><img width=\"150\" height=\"150\" src=\"https:\/\/julienlahmi.com\/professeur\/wp-content\/uploads\/2010\/08\/LA-PATRONNE-je-vous-en-prie-vous-n\u2019allez-pas-encore-tout-salop\u00e9-comme-la-derni\u00e8re-fois1-150x150.jpg\" class=\"attachment-thumbnail size-thumbnail\" alt=\"\" loading=\"lazy\" \/><\/a>\n\t\t\t<\/dt><\/dl><dl class='gallery-item'>\n\t\t\t<dt class='gallery-icon landscape'>\n\t\t\t\t<a href='https:\/\/julienlahmi.com\/professeur\/les-annees-passees\/2010-2\/un-singe-en-hiver\/lucien-d%e2%80%99ailleurs-si-j%e2%80%99-buvais-moins-je-serais-un-autre-homme-et-ca-j%e2%80%99y-tiens-pas%c2%a0\/'><img width=\"150\" height=\"150\" src=\"https:\/\/julienlahmi.com\/professeur\/wp-content\/uploads\/2010\/08\/LUCIEN-D\u2019ailleurs-si-j\u2019-buvais-moins-je-serais-un-autre-homme-et-\u00e7a-j\u2019y-tiens-pas\u00a0-150x150.jpg\" class=\"attachment-thumbnail size-thumbnail\" alt=\"\" loading=\"lazy\" \/><\/a>\n\t\t\t<\/dt><\/dl><br style=\"clear: both\" \/>\n\t\t<\/div>\n<\/p>\n<p><a href=\"http:\/\/fr.wikipedia.org\/wiki\/Michel_Audiard\"><em><em><em><em><em><em><em><em> <\/em><\/em><\/em><\/em><\/em><\/em><\/em><em> <\/em><\/em><\/a><em><a href=\"http:\/\/julienlahmi.com\/professeur\/wp-content\/uploads\/2010\/08\/nuit-de-chine.wav\">Extrait audio \u00ab\u00a0Nuit de chine&#8230;\u00a0\u00bb<\/a><br \/>\n<\/em><span style=\"font-size: x-small;\"><em> <\/em><\/span><\/p>\n","protected":false},"excerpt":{"rendered":"Adriana, Andr\u00e9 et Yoann ont jou\u00e9 LA PATRONNE, ALBERT et LUCIEN de \u00ab\u00a0Un singe en hiver\u00a0\u00bb,\nfilm \u00e9crit par Fran\u00e7ois Boyer, Henri Verneuil et Michel Audiard\n &hellip;","protected":false},"author":2,"featured_media":0,"parent":111,"menu_order":0,"comment_status":"open","ping_status":"open","template":"","meta":[],"_links":{"self":[{"href":"https:\/\/julienlahmi.com\/professeur\/wp-json\/wp\/v2\/pages\/235"}],"collection":[{"href":"https:\/\/julienlahmi.com\/professeur\/wp-json\/wp\/v2\/pages"}],"about":[{"href":"https:\/\/julienlahmi.com\/professeur\/wp-json\/wp\/v2\/types\/page"}],"author":[{"embeddable":true,"href":"https:\/\/julienlahmi.com\/professeur\/wp-json\/wp\/v2\/users\/2"}],"replies":[{"embeddable":true,"href":"https:\/\/julienlahmi.com\/professeur\/wp-json\/wp\/v2\/comments?post=235"}],"version-history":[{"count":15,"href":"https:\/\/julienlahmi.com\/professeur\/wp-json\/wp\/v2\/pages\/235\/revisions"}],"predecessor-version":[{"id":247,"href":"https:\/\/julienlahmi.com\/professeur\/wp-json\/wp\/v2\/pages\/235\/revisions\/247"}],"up":[{"embeddable":true,"href":"https:\/\/julienlahmi.com\/professeur\/wp-json\/wp\/v2\/pages\/111"}],"wp:attachment":[{"href":"https:\/\/julienlahmi.com\/professeur\/wp-json\/wp\/v2\/media?parent=235"}],"curies":[{"name":"wp","href":"https:\/\/api.w.org\/{rel}","templated":true}]}}