{"id":382,"date":"2010-08-31T23:38:53","date_gmt":"2010-08-31T21:38:53","guid":{"rendered":"http:\/\/julienlahmi.com\/professeur"},"modified":"2010-08-31T23:42:17","modified_gmt":"2010-08-31T21:42:17","slug":"la-dolce-vita","status":"publish","type":"page","link":"https:\/\/julienlahmi.com\/professeur\/les-annees-passees\/2009-2\/la-dolce-vita\/","title":{"rendered":"La dolce vita"},"content":{"rendered":"<p><!-- \t\t@page { margin: 2cm } \t\tP { margin-bottom: 0.21cm } --><strong><span style=\"font-family: Verdana,sans-serif;\"><span style=\"font-size: medium;\">\u00ab\u00a0L\u2019amour fait passer le temps, le temps fait passer l\u2019amour\u00a0\u00bb (proverbe italien)<br \/>\n<\/span><\/span><\/strong><\/p>\n<p><strong><span style=\"font-family: Verdana,sans-serif;\"><span style=\"font-size: medium;\">Jihane est EMMA<\/span><\/span><\/strong><\/p>\n<p><strong><span style=\"font-family: Verdana,sans-serif;\"><span style=\"font-size: medium;\">Beno\u00eet est MARCELLO<\/span><\/span><\/strong><\/p>\n<p><strong><span style=\"font-family: Verdana,sans-serif;\"><span style=\"font-size: medium;\"><em>d&rsquo;apr\u00e8s des dialogues de Federico Fellini<\/em><\/span><\/span><\/strong><\/p>\n<p><strong><span style=\"font-family: Verdana,sans-serif;\"><span style=\"font-size: medium;\"><em><a href=\"http:\/\/julienlahmi.com\/professeur\/wp-content\/uploads\/2010\/08\/03.-Sara-Perche-Ti-Amo.mp3\">Musique de la sc\u00e8ne<\/a><\/em><\/span><\/span><\/strong><\/p>\n<p><strong><span style=\"font-family: Verdana,sans-serif;\"><span style=\"font-size: medium;\"><em>\n\t\t<style type=\"text\/css\">\n\t\t\t#gallery-1 {\n\t\t\t\tmargin: auto;\n\t\t\t}\n\t\t\t#gallery-1 .gallery-item {\n\t\t\t\tfloat: left;\n\t\t\t\tmargin-top: 10px;\n\t\t\t\ttext-align: center;\n\t\t\t\twidth: 33%;\n\t\t\t}\n\t\t\t#gallery-1 img {\n\t\t\t\tborder: 2px solid #cfcfcf;\n\t\t\t}\n\t\t\t#gallery-1 .gallery-caption {\n\t\t\t\tmargin-left: 0;\n\t\t\t}\n\t\t\t\/* see gallery_shortcode() in wp-includes\/media.php *\/\n\t\t<\/style>\n\t\t<div id='gallery-1' class='gallery galleryid-382 gallery-columns-3 gallery-size-thumbnail'><dl class='gallery-item'>\n\t\t\t<dt class='gallery-icon landscape'>\n\t\t\t\t<a href='https:\/\/julienlahmi.com\/professeur\/les-annees-passees\/2009-2\/la-dolce-vita\/emma-tu-ne-ressens-rien-parce-quau-fond-tu-nas-jamais-aime-personne\/'><img width=\"150\" height=\"150\" src=\"https:\/\/julienlahmi.com\/professeur\/wp-content\/uploads\/2010\/08\/EMMA-tu-ne-ressens-rien-parce-quau-fond-tu-nas-jamais-aim\u00e9-personne-150x150.jpg\" class=\"attachment-thumbnail size-thumbnail\" alt=\"\" loading=\"lazy\" \/><\/a>\n\t\t\t<\/dt><\/dl><dl class='gallery-item'>\n\t\t\t<dt class='gallery-icon landscape'>\n\t\t\t\t<a href='https:\/\/julienlahmi.com\/professeur\/les-annees-passees\/2009-2\/la-dolce-vita\/emma-tu-es-un-detraque-cest-ca-que-tu-es-un-detraque\/'><img width=\"150\" height=\"150\" src=\"https:\/\/julienlahmi.com\/professeur\/wp-content\/uploads\/2010\/08\/EMMA-Tu-es-un-d\u00e9traqu\u00e9-cest-ca-que-tu-es-un-d\u00e9traqu\u00e9-150x150.jpg\" class=\"attachment-thumbnail size-thumbnail\" alt=\"\" loading=\"lazy\" \/><\/a>\n\t\t\t<\/dt><\/dl><dl class='gallery-item'>\n\t\t\t<dt class='gallery-icon landscape'>\n\t\t\t\t<a href='https:\/\/julienlahmi.com\/professeur\/les-annees-passees\/2009-2\/la-dolce-vita\/marcello-je-vais-tout-de-meme-pas-passer-toute-une-vie-a-taimer\/'><img width=\"150\" height=\"150\" src=\"https:\/\/julienlahmi.com\/professeur\/wp-content\/uploads\/2010\/08\/MARCELLO-Je-vais-tout-de-m\u00eame-pas-passer-toute-une-vie-\u00e0-taimer-150x150.jpg\" class=\"attachment-thumbnail size-thumbnail\" alt=\"\" loading=\"lazy\" \/><\/a>\n\t\t\t<\/dt><\/dl><br style=\"clear: both\" \/>\n\t\t<\/div>\n<br \/>\n<\/em><\/span><\/span><\/strong><\/p>\n","protected":false},"excerpt":{"rendered":"\u00ab\u00a0L\u2019amour fait passer le temps, le temps fait passer l\u2019amour\u00a0\u00bb (proverbe italien)\n\nJihane est EMMA\nBeno\u00eet est MARCELLO\nd&rsquo;apr\u00e8s des dialogues de Federico Fellini\nMusique de la sc\u00e8ne\n\n\t\t<style type=\"text\/css\">\n\t\t\t#gallery-2 &hellip;","protected":false},"author":2,"featured_media":0,"parent":167,"menu_order":0,"comment_status":"open","ping_status":"open","template":"","meta":[],"_links":{"self":[{"href":"https:\/\/julienlahmi.com\/professeur\/wp-json\/wp\/v2\/pages\/382"}],"collection":[{"href":"https:\/\/julienlahmi.com\/professeur\/wp-json\/wp\/v2\/pages"}],"about":[{"href":"https:\/\/julienlahmi.com\/professeur\/wp-json\/wp\/v2\/types\/page"}],"author":[{"embeddable":true,"href":"https:\/\/julienlahmi.com\/professeur\/wp-json\/wp\/v2\/users\/2"}],"replies":[{"embeddable":true,"href":"https:\/\/julienlahmi.com\/professeur\/wp-json\/wp\/v2\/comments?post=382"}],"version-history":[{"count":4,"href":"https:\/\/julienlahmi.com\/professeur\/wp-json\/wp\/v2\/pages\/382\/revisions"}],"predecessor-version":[{"id":392,"href":"https:\/\/julienlahmi.com\/professeur\/wp-json\/wp\/v2\/pages\/382\/revisions\/392"}],"up":[{"embeddable":true,"href":"https:\/\/julienlahmi.com\/professeur\/wp-json\/wp\/v2\/pages\/167"}],"wp:attachment":[{"href":"https:\/\/julienlahmi.com\/professeur\/wp-json\/wp\/v2\/media?parent=382"}],"curies":[{"name":"wp","href":"https:\/\/api.w.org\/{rel}","templated":true}]}}